Let t = 8 - 11. What is p(t)?
1
Let i(c) be the second derivative of -c**5/20 + 7*c**4/12 - c**3 + c**2 + c. Let z(j) = 6*j**2 - 4*j + 4. Let k be z(1). What is i(k)?
2
Suppose -5*u + 8 = -7. Let p(o) = u*o - 1 + 0*o - 2*o. Determine p(4).
3
Let l = 10 - 6. Let i(r) = -2*r**2 + 6*r. Calculate i(l).
-8
Suppose -5 - 5 = -5*q. Let b be q/(-6) + (-4)/(-3). Let l be (9/6)/(b/2). Let i(x) = -x**3 + 5*x**2 - 4*x + 2. Determine i(l).
8
Let s(i) be the first derivative of 3*i**2/2 + 7*i - 6. Calculate s(-5).
-8
Let k(j) be the second derivative of -j**5/20 - j**4/12 + j**3/6 - 18*j. Let w be 1/1 + -3*1. Give k(w).
2
Let f(d) = -d**3 - 7*d**2 - 10*d - 8. Suppose 46 + 8 = -9*a. Give f(a).
16
Let b(x) = 31*x + 2 - 32*x + 8. Calculate b(0).
10
Let u(z) = 2*z**2 - 4*z - 1. Let c be 10/4*(-60)/(-50). Give u(c).
5
Let a(q) = -1 - q - 2 + 4 - 2. Let b be a(-3). Let j(r) = -2*r - 42*r**2 + 3 - r**3 + 41*r**2 - b. Determine j(-2).
9
Let g(b) = b. Let z(t) = t**2 - 11*t + 6. Let h(r) = 4*g(r) + z(r). Suppose s = -4*j + 20, -4*s + 2*j = 3*j - 20. Determine h(s).
-6
Let u(w) = w**2 + 5*w + 1. Let z = 6 - 3. Let h(q) = q + 2. Let y be h(-8). Let b = y + z. Determine u(b).
-5
Let t(f) = -5*f**3 + 1. Let u be t(1). Let i(m) = -m - 7. Determine i(u).
-3
Let g be (0/(-2 - -3))/1. Let l(b) = -10*b + g*b + 1 + 9*b + b**2. What is l(0)?
1
Let f(v) be the third derivative of v**4/24 + v**3/2 + v**2. Let h = -368 + 361. Calculate f(h).
-4
Let x(g) = -g**2 - g. Let i(r) = 7*r**2 + 6*r. Let q(h) = -i(h) - 5*x(h). Let p be (28/(-8) - -4)*(-2 + 0). Determine q(p).
-1
Let o(f) = -f**3 + 5*f**2 - 6*f + 6. Let k(z) = z**2 + 14*z + 28. Let t be k(-12). Determine o(t).
-2
Let b = 7 + -4. Let p(a) = -6*a**2 - 2*a - 8. Let w(y) = 7*y**2 + 3*y + 9. Let j(f) = 2*f - 5. Let l be j(5). Let x(r) = l*w(r) + 6*p(r). Determine x(b).
-3
Let o(s) = -s**3 - 4*s**2 + 2*s + 6. Let g be o(-4). Let n(j) = j + 2. What is n(g)?
0
Let n = 1 + 1. Let p(t) be the first derivative of t**3/3 - t**2 - t - 3. Determine p(n).
-1
Let i(o) = -o + 9. Let l be i(7). Let w(j) = 3 - 4 - 1 + l*j. Suppose -5*c + 10 + 15 = 0. Calculate w(c).
8
Let w(r) = 8 + 3*r**3 - 4*r**3 - 2*r - 4*r**2 - 9. Give w(-3).
-4
Let s = 4 + -6. Let a(u) be the first derivative of -1 - 2/3*u**3 - u**2 - 3*u. Give a(s).
-7
Let c be 2*-9*8/(-24). Let x(j) = j**2 - 7*j + 8. Give x(c).
2
Let f(p) = -p**2 - 5*p - 5. Let q(l) = l**3 - 5*l**2 + 4*l - 6. Let k be q(4). What is f(k)?
-11
Let i be 4/(-10)*(-9 - -19). Let m(z) = z**3 + 5*z**2 + 3*z - 3. What is m(i)?
1
Let a(k) = -k**3 - 5*k**2 - 3*k - 20. Let b be a(-5). Let t(x) = -4*x**2 - x**3 + x**2 + 2 - 4*x - 3*x**2. What is t(b)?
-3
Let b(n) = n + 5. Let m = -2 + 6. What is b(m)?
9
Suppose 0*h - h = -2*o + 6, -h = o + 3. Let l(b) = b**3 + 6*b**2 - 2*b**2 + 0*b**3. Give l(h).
0
Suppose 0 = -4*q + 5*d + 19, 3*q + 4*d - 7 = -16. Let w(y) be the third derivative of -3*y**4/8 - y**2. Determine w(q).
-9
Let k(w) be the first derivative of -w**4/4 + 5*w**3/3 - w**2 + 2*w - 6. Give k(5).
-8
Let c = 0 - 5. Let s(t) be the first derivative of -2*t**3 - 4*t**2 - 6*t - 1/4*t**4 - 1. Determine s(c).
9
Suppose 5*c - 4*g - 40 = 0, 12*c + g - 15 = 7*c. Let r(u) be the second derivative of 0 - c*u**2 - 1/6*u**3 + 2*u. What is r(-4)?
-4
Let l(w) = 3*w**2 + 4*w + 2. Let a be l(-2). Let f(c) = -a*c - 6 + c**3 + 6*c - c**2. What is f(0)?
-6
Let p(a) = -6*a**2 + 6*a + 3. Let r(i) = -5*i**2 + 5*i + 2. Let w(y) = -4*p(y) + 5*r(y). Calculate w(3).
-8
Let t(q) = 6*q - 6*q - q + 2*q. Let g = -5 + 8. Suppose 5*a - 5*w = 25, 3*a = 5*a - g*w - 11. Determine t(a).
4
Let t(d) = d**2 - 4*d + 3. Let f(k) = k + 6. Let c be f(-6). Suppose c*m + 3 = m. Determine t(m).
0
Let w(z) = -5 - z**2 + 9 + 0 + 5*z + 3. Determine w(6).
1
Let k(n) = n**3 - 7*n**2 + 7*n - 6. Suppose 4*b = -2*g + 8, 2*g + 1 + 3 = 0. Suppose i - 3 = b. Let y be 4/i - (-80)/15. What is k(y)?
0
Suppose -3*x + 8*x + 25 = 0. Let a(m) = 2*m + 2 + 1 + 1 - m. Determine a(x).
-1
Let r be -1 + 3 + 15/(-3). Let m(w) = w**2 - 9*w + 4. Let l(i) = -3*i + 1. Let a(u) = 7*l(u) - 2*m(u). Let n(q) be the first derivative of a(q). Give n(r).
9
Let x(b) be the first derivative of b**3/3 + b**2 - b - 25. Determine x(-2).
-1
Let d = 19 + -14. Let a(j) = j - 6. Determine a(d).
-1
Let a(i) = -37*i + 45*i - 9*i**2 + i**3 - 1 + 5 + 4. What is a(8)?
8
Let n(g) = -5*g + 12. Suppose -i + 10 = 1. Let u(d) = -2*d + 6. Let z(v) = i*u(v) - 4*n(v). What is z(-6)?
-6
Let p be (-5)/(-2)*12/15. Let u(j) = j**2 - 2*j + 1. Let m be u(p). Let v(s) = s - 2 + m + 3 - 1. Calculate v(1).
2
Let j(p) = 6*p**2 - p**3 - 4 - p + 2*p**3 + 4*p. Suppose d = 3*d + 2*m + 2, 5*m - 30 = 2*d. Give j(d).
6
Let o be (-3 - 0)/((-266)/35 - -7). Let t(s) = s**3 - 5*s**2 - 2*s + 4. What is t(o)?
-6
Suppose 6 = p + 6*a - 4*a, 5*p - 3*a = 4. Let f(u) = 2*u - u + p*u - 3 - 2*u. What is f(-4)?
-7
Let l(i) = i**2 - i - 11*i**2 + 8*i**2 - i**3. Give l(-2).
2
Let b(n) = 5*n + 3*n + 2 - 6*n - n. Calculate b(0).
2
Let o(n) = -n - 2. Let z(a) = 3*a + 6. Let x(y) = 11*o(y) + 4*z(y). Let q = 13 - 8. What is x(q)?
7
Let x(h) = h**2 + 1. Let k(c) = c**2 - 3*c - 1. Let f be k(-2). Let p(i) = 7 + 4*i**3 - 10*i**2 - 7*i**3 + 4*i**3 + 8*i. Let u be p(f). What is x(u)?
5
Let k(l) = l**2 + 4*l + 4. Let f(m) = 10 + 6*m**2 + 14 - 3 + 21*m. Let g(o) = 2*f(o) - 11*k(o). What is g(3)?
1
Let d(o) = 14*o - 6. Let n(c) = -3*c - 2*c + 2*c + 0 + 1. Let v(z) = -2*d(z) - 11*n(z). Give v(-2).
-9
Let b(f) = -f**3 - 8*f**2 - f - 7. Let x = -71 + 63. Calculate b(x).
1
Let y(v) be the second derivative of 0 + 3/2*v**2 + 1/4*v**4 - 1/20*v**5 + 3*v - 1/2*v**3. Calculate y(2).
1
Let k(q) be the first derivative of 5*q**2/2 + 4. Give k(-1).
-5
Let g be 0*-1*1 + 2. Suppose -2 = j - 4. Let t(d) = -4*d + 3*d - 3*d + 2 + j*d. Determine t(g).
-2
Let a(j) be the second derivative of j**5/20 - 7*j**4/12 + j**3/2 - 5*j**2 - 10*j. Give a(7).
11
Let s be 50/8 + 1/(-4). Suppose -9 = 3*z - s*z. Let f(h) be the first derivative of -h**4/4 + 4*h**3/3 - 2*h - 2. Calculate f(z).
7
Let l(y) = 5*y - 7. Let j = -8 + 4. Let n(c) = 2*c - 3. Let i(v) = j*l(v) + 9*n(v). Give i(3).
-5
Let c(j) = -j**3 + 4*j**2 + 7*j - 5. Let k be c(5). Suppose -4 = -3*f + 5*z, f + z = 3*f - k. Let g(i) = -f*i**2 + 9 - 5*i**3 + 3*i + 4*i**3 - 4. Give g(-4).
9
Let u(i) = i + 5. Suppose -4*t = 3*z + 27 + 7, -4*t + 110 = -5*z. Let x be 80/24*z/(-10). Give u(x).
11
Let m(y) = -4*y**3 + 6*y**2 + 3*y - 7. Let i(j) = j**3 - j**2 - j + 1. Let x = -2 - 3. Let f(p) = x*i(p) - m(p). Suppose -8 = -2*v + 6*v. Calculate f(v).
2
Let o(u) = -u**2 - 3*u. Let d be o(-2). Let a(l) = -1 + 0*l - 2*l**2 - 3*l**2 + d*l + 7*l**2. What is a(-2)?
3
Let b(u) = u**2 - 3*u**2 + 0 + 4 + 3*u. Give b(3).
-5
Suppose -1 = 5*p + 19. Let b = 0 + p. Let g(z) = -z**3 - 5*z**2 - 6*z. Determine g(b).
8
Let d be -2*(0 - -1 - 2). Let k(q) = q - 3*q + 1 + 6*q + q. What is k(d)?
11
Let q(d) = -5*d**2 - 5*d + 4*d - 2 + d**3 - 4*d. Calculate q(6).
4
Let k(d) = 148*d**3 - 5 + 2 - 147*d**3 - d + 4*d**2 - 2. Calculate k(-4).
-1
Let l = -13 + 11. Let n be (1*(-1 + -3))/l. Let k(y) = -3*y - 1. Calculate k(n).
-7
Let i(c) be the first derivative of c**2/2 - 9*c - 25. Determine i(4).
-5
Suppose c = -3*i + 5, 4*i = -i + 5. Let u(q) = 4*q**c - 13*q - 3*q**2 + 1 + 19*q. Let t(s) = -s**3 - 7*s**2 - 6*s - 5. Let r be t(-6). What is u(r)?
-4
Suppose -2*i = -i. Suppose 2*t + 0*t - 2 = i. Let d(l) be the third derivative of l**5/10 - l**3/6 - 2*l**2. Calculate d(t).
5
Let z = 26 - 31. Let s(l) = l**2 + 2*l - 6. Determine s(z).
9
Let o(r) = 5*r + 3*r - 40 + 43. Calculate o(-3).
-21
Let i(s) = 3*s + 14. Let l(k) = k - 1. Let n(d) = i(d) - 2*l(d). Let j be n(-12). Let v(c) = 2*c - 2. Calculate v(j).
6
Let l(r) = -1 - 5*r**3 + 5*r - 3*r - 2*r**3. Let o(y) = -y**3 - 2*y**2 + 1. Let m be o(-2). Give l(m).
-6
Let b(m) = -3*m - 28. Let t be b(-8). Let c(p) = p**2 + 2*p - 3. What is c(t)?
5
Let k(q) = -5*q**2 - 2*q - 1. Let u(o) = o**2 - 1. Let d(t) = k(t) + 6*u(t). Suppose 11 - 46 = -3*l - 4*c, -5*c = -l - 20. What is d(l)?
8
Let l(s) = s**3 - 4*s**2 - 2*s - 12. Let f be l(5). Let p(i) = 3 + i**2 - 1 - 4 - 1. What is p(f)?
6
Let a(n) = 2*n + 14*n**2 - 16*n**2 + 3*n - 2*n. What is a(2)?
-2
Let i(q) be the third derivative of q**5/60 - q**4/4 - q**3/6 - 2*q**2. Suppos